
17
Suppose -158*p + 43*p + 35075 = 0. Calculate the remainder when p is divided by 141.
23
Let d = 6492 - 6264. Calculate the remainder when 1348 is divided by d.
208
Let o = 236 + -708. Let x = o - -761. Calculate the remainder when x is divided by 97.
95
Suppose -4*l + 796 = -788. Suppose -80 = -14*v + l. What is the remainder when v is divided by 18?
16
Let f = -34 - -34. Suppose j + 3*s - 8 = f, -2*s + 10 = -2*j + 3*j. Suppose -14*p = -435 - 307. What is the remainder when p is divided by j?
11
Suppose -l - 7*l = -l. Suppose a + 20 = 2*u - 2, a = l. What is the remainder when 97 is divided by u?
9
Suppose -9*x + 13*x + 2*f - 10 = 0, 3*f + 9 = 0. Suppose x*i - 216 = 100. Calculate the remainder when i is divided by 16.
15
What is the remainder when 930/(-4)*(-19 + (-715)/(-39)) is divided by 16?
11
Suppose 100*j - 483 = 97*j - 3*p, -2*j + p = -319. Calculate the remainder when 796 is divided by j.
156
Suppose 513 = -0*q + 9*q. Suppose -q*s = -55*s - 10, -458 = -3*t + 5*s. What is the remainder when t is divided by 86?
75
Let u(x) = 32*x**2 + 301*x + 911. Calculate the remainder when 1196 is divided by u(-3).
12
Let b = -420 - -423. Suppose -3*w - 23*d + 18*d + 160 = 0, -5*d - 90 = -2*w. Calculate the remainder when w is divided by b.
2
Let u be (-104*(-3)/(-3))/((-1)/2). Suppose 0 = -s + 2*s - 4. Suppose -u = -s*d + 216. Calculate the remainder when d is divided by 27.
25
Let g = -10620 - -11550. Calculate the remainder when g is divided by 287.
69
Suppose o - 4*t - 6 = 0, 2*t - 5 - 17 = -2*o. Suppose 15 = 3*m - d, -2*m - m = -3*d - 21. Calculate the remainder when o is divided by m.
2
Let k = -1488 + 1561. What is the remainder when 230 is divided by k?
11
Let y(q) = 2*q**2 + 26*q - 41. Let t be 285/(-76)*(1 - -3). What is the remainder when y(t) is divided by 8?
3
Let p(f) = f - 3. Let v be p(-3). Suppose -2*o = 2*i - 114, -i - 5*o = -3*i + 149. What is the remainder when i is divided by (-113)/(-5) - (v + (-132)/(-20))?
18
What is the remainder when (-3 - 61)/((-4)/(12 + -8 + 250)) is divided by 1014?
8
Let z be (7 - (-45)/(-6))/((-1)/234). Suppose -5*f + 53 + z = 0. Let c = f - 9. Calculate the remainder when c is divided by 10.
5
Suppose 0*m - 18 = -6*m. Suppose 5*s + m = 113. Calculate the remainder when 241 is divided by s.
21
Suppose 0 = -39*p + 18648 + 47808. What is the remainder when p is divided by 31?
30
Suppose 2*c + 3*u = 2738, 2*c + 101*u = 97*u + 2732. Calculate the remainder when c is divided by 30.
28
Let t = 12864 + -12852. What is the remainder when 40282 is divided by t?
10
Let f = 8923 - 8164. What is the remainder when f is divided by 342?
75
Suppose 2*w - 42 = -2*l, -1371 = 5*l - 3*w - 1468. Let g = 200 + -129. Calculate the remainder when g is divided by l.
11
Let b(t) = -t**2 + 16*t - 9. What is the remainder when b(8) is divided by (-3)/(-4) - (750/(-24) - -11)?
13
Suppose -17*q - 239 = -647. Calculate the remainder when 476 is divided by q.
20
Suppose 4*v - 39 = -3*f - 17, 0 = v - 4. Suppose -4*m - f*y + 4*y = -172, 5*m - 213 = 3*y. What is the remainder when m is divided by (-46 - 2)*1/(-2)?
21
Suppose -707*q - 159*q = -866. Suppose 2*a = -2*l - 3*l + 19, 0 = 4*a + l - 47. Calculate the remainder when a is divided by q.
0
Let f(g) = g**2 - 62*g + 764. Let y be 2 + 1 - 0/3. Suppose -y*x = x - 780. Calculate the remainder when x is divided by f(46).
27
Suppose -26 = 2*b + 2*s + 4, -11*b - 4*s = 12*b - 35. Let r be 2*1 + (-1)/(-1). Suppose -111 = -6*m + r*m. Calculate the remainder when m is divided by b.
2
Suppose 0 = -15*n - 613 - 858 + 2881. What is the remainder when 314 is divided by n?
32
Suppose 2*l - 4*d + 1312 = 0, -l - l - 1312 = -5*d. Let k be 2/10 - l/20. Calculate the remainder when -1 + (-2)/(-6)*k is divided by 6.
4
Let r = 13 + -8. Let u be (-301)/(-43) + (0 - -2)/(-1). Suppose r*w = 3*m - 44, u*w - 37 - 63 = -5*m. What is the remainder when m is divided by 3?
0
What is the remainder when (-1 - -3)*(-21 + (-725)/(-10)) is divided by 60?
43
Let j = -73 - -119. Let p = -48 + j. Let g(z) = 25*z**2 - 3*z - 3. What is the remainder when g(p) is divided by 26?
25
Let g(c) = 73*c**3 - c**2 - 4*c + 4. What is the remainder when g(1) is divided by 30?
12
Suppose -3*l = -24*t + 29*t - 38979, 3*t - 4*l = 23370. Calculate the remainder when t is divided by 23.
20
Suppose -20 = 5*q, j + 5*q - 2042 = -704. What is the remainder when j is divided by 477?
404
Let y = -169 - -241. Let s = y - -68. Calculate the remainder when s is divided by 11.
8
What is the remainder when 2802 is divided by ((36/(-12) - 0)/1)/((-1)/5)?
12
Suppose -4*t + 3*y = -8663, 0 = -3*t + 165*y - 161*y + 6506. What is the remainder when t is divided by 720?
2
Suppose -2*f - 13*j + 6958 = -11*j, 17395 = 5*f + 4*j. What is the remainder when f is divided by 59?
57
Let l(v) = 3*v + 34. Let r be l(5). Let u be r + (5 - 0)/(-5). What is the remainder when 127 is divided by u/((-7)/((-14)/3))?
31
Let c(d) = d + 21. Let i(a) = a**2 + 6*a + 20. Let j(u) = -2*u - 5. Let m be j(2). Calculate the remainder when i(m) is divided by c(-14).
5
Calculate the remainder when 736 is divided by 1/20*-2 - 1713/(-30).
52
Suppose 3*r - j = 257, -99 = -r - 12*j + 9*j. What is the remainder when 689 is divided by r?
80
Let f(a) = 36*a - 431. Let v be (-14)/63*3 - (-88)/6. What is the remainder when f(v) is divided by 21?
10
Let s(g) = g**2 - 9*g + 4. Let u be s(9). What is the remainder when 2/24*u - 470/(-3) is divided by 10?
7
Suppose 0 = -5*t - v + 2476, -4*v + 2479 = 14*t - 9*t. Calculate the remainder when t is divided by 90.
45
Let d(q) = -q**3 + 14*q**2 - 18*q + 17. Let x be d(9). Suppose -56*r - x = -69*r. What is the remainder when 78 is divided by r?
18
Suppose -1851*c + 50371 = -1834*c. What is the remainder when c is divided by 129?
125
Suppose 12*h = 4*h + 16. Suppose -15 + 185 = -h*p. Let a = p - -154. Calculate the remainder when a is divided by 18.
15
Suppose 0 = -d - 2 + 6, 5*u - 4*d + 36 = 0. Let w(z) = z**2 - 10*z - 2. Let b be w(10). Calculate the remainder when (-1 - b) + (193 - u) is divided by 40.
38
Suppose -9*r = -6*r - 4*b - 371, r = -b + 133. Let c = r - 50. Suppose -4*o + 2*m + 46 = 0, 5*o = -m + c - 4. Calculate the remainder when 65 is divided by o.
9
Let a be (2 - -61) + -12 + 3 + 6. Calculate the remainder when (-598)/3*(a/8 + -9) is divided by 12.
11
Suppose -2*r = -6*r + 60. Let b be (12/r)/(4/170). Let v = 60 - b. What is the remainder when v is divided by 14?
12
Let z = -21073 + 21210. Calculate the remainder when 433 is divided by z.
22
Suppose 297*z - 295*z = 2*t + 146, -5*t + 37 = z. Let p(q) = -3*q. Calculate the remainder when z is divided by p(-5).
7
Let l(s) = -s**3 + 3*s + 149. Let t(q) = -3*q**2 - 32*q + 30. Calculate the remainder when l(0) is divided by t(-11).
16
Let a(m) = -9*m + 125. Suppose -31 + 12 = -j + 2*y, -y - 5 = 0. Calculate the remainder when 438 is divided by a(j).
42
Let l(x) = 83*x**2 - 2*x + 11. Calculate the remainder when 196 is divided by l(0).
9
Let k(x) = 5*x**2 + 50*x - 2. Let f be k(-10). Calculate the remainder when (1066/205)/(f/(-50)) is divided by 44.
42
What is the remainder when (1*238/21)/((-2)/(-48)) is divided by 111?
50
Let v = 223 + -219. Suppose v*f = 4*r + 904, -2*r + 30 = -f + 258. Calculate the remainder when f is divided by 75.
74
What is the remainder when 171 is divided by ((-6156)/(-399))/(31/14 + -2)?
27
Let j = -89 - -153. Suppose -2*c + 5*c - 5*q = j, 4*c + 3*q = 66. Calculate the remainder when 340 is divided by c.
16
Let c = 4 + 1. Suppose -h - 197 = -2*g, 0*g - c*g - 5*h = -515. Suppose -4*p - 39 = -d, -3*p = 5*d - 4*p - g. What is the remainder when 73 is divided by d?
16
Suppose 0 = 17*c - 5318 + 4961. Suppose 2*b - 679 = -55. What is the remainder when b is divided by c?
18
Let a be (16/3)/1*126/168. Suppose a*r + 27 + 15 = 2*d, -1 = r. Calculate the remainder when 53 is divided by d.
15
Suppose 28*m - 21*m = 35. Calculate the remainder when 169 is divided by m.
4
Calculate the remainder when 2121 is divided by 3 + -11 + (-48)/(-600) + (-2323)/(-25).
81
Let d(x) = 1550*x - 2210. What is the remainder when d(5) is divided by 24?
20
Suppose -18*y + 4570 - 36538 = -34*y. Calculate the remainder when y is divided by 69.
66
Suppose -4*l - 39 = 2*r - 173, 97 = 3*l - 2*